 2*j, -j + 29 - 162 = 5*f. Suppose -7*w - 54 = -4*w. Let d = w - f. Calculate the greatest common divisor of d and 32.
8
Let p(w) = w - 1. Suppose -5*x = -30 + 5. Let l be p(x). Suppose -2*q + 0*q = l*t - 68, 0 = -5*t + 5. What is the greatest common factor of 80 and q?
16
Let o(w) = -50*w - 1. Let s be o(-2). Let u(q) = q**2 - 1. Let f be u(8). Suppose 0 = 3*l - f - 135. What is the highest common factor of l and s?
33
Let v(t) = t**2 + 6. Let j be v(0). Let f be 9 + (-1629)/(-36) + (-2)/8. Calculate the greatest common divisor of f and j.
6
Let r = -80 + 112. Calculate the greatest common factor of 1184 and r.
32
Let x be -14*(3 + -2)*-5. What is the highest common divisor of 210 and x?
70
Suppose -51*j + 817 = -8*j. What is the highest common divisor of 380 and j?
19
Let d = 22 - 16. Let v be ((-28)/35)/(d/(-15)). Suppose -3*r + 0*r - v*k + 1 = 0, -3*r - k = -5. Calculate the highest common divisor of r and 1.
1
Suppose -k + 18 = 3*t, 4*k + 0*t - 32 = -2*t. What is the highest common factor of 150 and k?
6
Let s = -42 + 262. Calculate the greatest common divisor of s and 165.
55
Let i = 21 + -9. Let w = 4 + -4. Suppose w = 5*a + 4*t + 37 - 203, 4*a = -3*t + 132. Calculate the highest common divisor of i and a.
6
Let q(v) = 4*v**2 + 73*v + 489. Let m be q(-8). What is the highest common divisor of m and 7?
7
Suppose 14*w = w + 78. Suppose -15 = -w*i + 45. Calculate the greatest common divisor of 90 and i.
10
Suppose 0 = v - 8 + 7, -l + 23 = -5*v. What is the highest common divisor of 28 and l?
28
Suppose 4*i - 50 = -3*k + k, 5*i - 85 = -4*k. Let n(t) = t + 8. Let l be n(k). Calculate the greatest common factor of 253 and l.
23
Let n = -71 + 84. Suppose x = -3*x + 32. Suppose -n*s + x*s = -225. Calculate the highest common divisor of 18 and s.
9
Suppose -2*u + 642 = f, 5*u - 223 + 879 = f. Calculate the highest common factor of 2 and f.
2
Let u = -5 - -10. Let z(l) = -l + 1. Let b be z(u). Let v be b/6 + (-736)/(-24). What is the highest common factor of v and 12?
6
Suppose 30 = 5*b - o, 0*b - o + 5 = 2*b. Suppose -5*v - c = -558, -b*v - 5*c + 265 = -285. What is the greatest common divisor of 42 and v?
14
Let z be 5/4*(-2 + 34). Let a(q) = -q**3 - 2*q**2 + 4*q + 16. Let n be a(0). What is the highest common factor of z and n?
8
Let x be (((-225)/(-6))/(-5))/(14/(-28)). Let q = 7 + -4. What is the highest common divisor of x and q?
3
Let u(l) = -l**3 + l**2. Let i be u(1). Suppose 0 = -f - i*f - 23. Let d = f + 27. Calculate the highest common factor of 20 and d.
4
Let x be 33/(-9) - 2/(-3). Let t be x - -1*(-3 + 107). Let q = t - 41. Calculate the greatest common divisor of q and 40.
20
Let j = -16 - -30. Suppose 6*z - 7*z = -35. Calculate the greatest common divisor of j and z.
7
Suppose 5*d + 3*p = p + 10, 5*p + 29 = d. Let q(v) = -v**3 + 10*v**2 - 9*v + 2. Let f be q(9). What is the greatest common divisor of f and d?
2
Suppose 6*r = r + 210. Suppose x - m - 32 + 13 = 0, 0 = -2*x - 2*m + r. What is the greatest common divisor of 8 and x?
4
Let m be (5 - 4)*-1*0. Suppose m = -3*u - 4*q + 98, -u + 0*q + 26 = -2*q. What is the greatest common divisor of u and 6?
6
Let x = -390 - -585. Calculate the highest common factor of x and 60.
15
Suppose 0 = -7*v - 110 + 292. Suppose 3*l - 5*l + 130 = 0. What is the greatest common divisor of l and v?
13
Let p(l) = -3*l**3 - 2*l**2 + 4*l - 4. Let z be p(-4). What is the highest common divisor of z and 210?
70
Suppose -88*s + 35*s + 950 + 746 = 0. Suppose d = -4*w + w + 32, -2*d + 4*w = -64. What is the greatest common factor of d and s?
32
Let f = -163 + 263. Let h be 0*((-14)/(-4))/(-7). Suppose h = -5*t + 3*o + f, -4*t + 3*o + o = -88. Calculate the greatest common factor of 153 and t.
17
Let m(b) = -7*b**3 - 10*b**2 - 14*b + 34. Let c be m(-6). What is the highest common factor of 10 and c?
10
Let x be (-1)/7 + (-1728)/(-42). Let u be 3 + -6 + x + -2. Suppose n + u = 4*n. What is the highest common factor of 96 and n?
12
Suppose -4*t - 3*x - 595 = -9*t, 4*t + x = 476. Let p be 0 + (-3 - -5) + t. Let y = 17 - 6. What is the highest common factor of y and p?
11
Let y(m) = 34*m + 116. Let n be y(-3). Let s(i) = -i**2 + 8*i + 11. Let t be s(9). Calculate the greatest common divisor of n and t.
2
Let f be -1 + -4 + 5 + 6. Calculate the greatest common factor of 18 and f.
6
Suppose 16*w - 948 = 844. Calculate the greatest common divisor of 252 and w.
28
Let a = 384 - 244. Let q(r) = -38*r + 322. Let i be q(7). Calculate the highest common factor of a and i.
28
Let m = -1507 - -1063. Let l = 219 + m. Let t be l/(-12) + 3/(-4). Calculate the highest common factor of t and 27.
9
Let f be (-504)/(-2)*(0 - (3 + -1)). Let b be f/(-40) - (-8)/20. Calculate the greatest common divisor of 221 and b.
13
Suppose -573 + 63 = -5*o. Calculate the greatest common divisor of 153 and o.
51
Let r(a) = -7*a**2 + 4*a + 6. Let c be r(6). Let l = -159 - c. Calculate the greatest common divisor of 7 and l.
7
Suppose 11*j - 10*j = 3*m - 4439, 3*j + 2964 = 2*m. Calculate the highest common factor of 261 and m.
87
Let y be (-7)/5 + (-8)/(-20) - -27. Let x be 8/2 + 0 + 0. Let a be 3/6 - (-154)/x. Calculate the highest common factor of a and y.
13
Suppose -19*m = -1080 - 383. Suppose 0 = 2*b + 3*y - 97, -4*b + 29 = -3*b - 5*y. Suppose 3*u + b = 7*u. What is the highest common divisor of m and u?
11
Suppose 0 = -94*y + 95*y - 8. Calculate the greatest common divisor of y and 128.
8
Suppose 3*g - 207 + 39 = 0. Let o be (-3 - (-2 - -1))*1. Let m be (o + 3)/(5/35). Calculate the highest common factor of g and m.
7
Let y = 102 + -71. Let b be y - (-12)/(-3)*-1. Suppose -p = k - 8, 2*p - p = 1. What is the greatest common divisor of k and b?
7
Let h = -39 + 191. Let o(u) = -61*u - 10. Let w be o(-5). Let b = w - h. What is the highest common divisor of b and 13?
13
Let v(u) = 51*u**2 + u + 2. Let g = -26 + 30. Suppose -g*s - 20 = 0, 3*p + 2*s = -3 - 1. Let q be v(p). Calculate the highest common divisor of 26 and q.
26
Let p = 589 - 151. What is the highest common factor of p and 12?
6
Suppose 77 = 3*z + 4*z. Let p = z - 7. Calculate the greatest common factor of p and 28.
4
Let s be (1 + 122/6)/((-306)/(-459)). Calculate the greatest common divisor of 136 and s.
8
Let b(w) = -w - 3. Let i be b(-4). Suppose -f - i + 5 = 0. Suppose -f*p + 107 = -m, -2*p = p - 5*m - 93. What is the highest common factor of 286 and p?
26
Let w be -3 + 3/1 + 1024. Calculate the greatest common divisor of 64 and w.
64
Let u be (-42)/(-42)*4*2. Calculate the greatest common divisor of u and 424.
8
Let d be -8 + (12/3)/2. Let g = 7 - d. Calculate the highest common divisor of 143 and g.
13
Let c(w) = 17*w - 19. Let s be c(16). Calculate the highest common factor of s and 46.
23
Let i be (2/4)/(32/1344). Let h = 65 - -19. Calculate the greatest common factor of h and i.
21
Let o = 773 - 545. Calculate the highest common factor of o and 24.
12
Let b(r) = r + 75. Let x be b(-19). What is the highest common divisor of x and 12?
4
Suppose 0 = -25*x + 354 + 171. What is the greatest common divisor of 9 and x?
3
Let q(o) = 18*o - 34. Let t be q(5). Suppose -4*f + 5*x = x - 44, -x - t = -4*f. Calculate the highest common divisor of 10 and f.
5
Let b be -7 + (-651)/(-7) + -1. What is the highest common factor of 1445 and b?
85
Suppose 0 = -5*l + s + 7899, 5*l = 9*l + 5*s - 6325. Calculate the greatest common factor of l and 20.
20
Suppose 4*q = u + 256, -u - 272 = -4*q + 4*u. Let r be (-178)/(-26) - 14/(-455)*5. Suppose r*k = 4*k + q. Calculate the highest common factor of k and 3.
3
Suppose -4*z = -5*z - 8. Suppose 4*o + 14 - 6 = 0. Let a be (-46)/z + o/(-8). Calculate the highest common divisor of a and 24.
6
Suppose 0 = -g - p + 300, 2*g = 4*p + 520 + 86. Calculate the greatest common divisor of 258 and g.
43
Let a(s) = -20*s**2 - s - 1. Let w be (-1*1)/((-7)/(-7)). Let h be a(w). Let z = -15 - h. What is the greatest common factor of z and 5?
5
Let w(l) be the first derivative of 11*l**2/2 + 6. Let a be w(9). What is the greatest common divisor of 11 and a?
11
Let g be 4/8 - 11/(-2). Let m = -210 - -222. What is the greatest common factor of m and g?
6
Suppose 0 = 2*g - 5*h - 2839, 3*g - 38*h = -35*h + 4263. Calculate the highest common factor of 18 and g.
18
Su